 -l - 5*f = 39 - 12, -5*l + 4*f - 19 = 0. Let h(a) = a**2 + 6*a + 2. Determine h(l).
9
Let v(m) be the first derivative of 1/2*m**2 + 4 - 6*m. What is v(5)?
-1
Let v(f) = f - 6. Suppose 0 = -n + 5. What is v(n)?
-1
Let s = -15 - -14. Let q(g) = -g**3 + g**2 - 1. Let f(c) = -5*c**3 + 7*c**2 + 6*c - 8. Let d(m) = s*f(m) + 4*q(m). Determine d(4).
-4
Let q be (2/(-4))/(2/(-8)). Let n(i) = i**3 - 3*i**2 + 2*i + 2. Let t be n(q). Let k(y) = 5*y**t - 3*y**3 + 3*y**3 - y**3 + 2 + 2*y - 8. Determine k(5).
4
Let x(w) = w**2 + 3*w - 5. Let h(a) = 2 - 4*a**2 - a + 0*a**2 + a**3 - 1 - 2*a**2. Let f be h(6). Give x(f).
5
Let x(o) = -o + 5. Let k(r) = r**3 + 5*r**2 - 9*r - 8. Let j be k(-6). Suppose -3*q = -82 - 23. Let f be q/j + (-1)/2. Determine x(f).
2
Let v(w) be the first derivative of 1/2*w**2 + 3 - 3*w. Determine v(3).
0
Let r(n) = n**2 - n - 4. Let j be 6/10 + (-84)/(-35). Calculate r(j).
2
Let y(k) = -k + 2. Let f be y(0). Suppose f*z = -0*z + 10. Let c(x) be the second derivative of x**5/20 - x**4/3 - x**3 + x**2/2 + x. Determine c(z).
-4
Let g(f) be the second derivative of -f**4/12 + 7*f**3/6 - 2*f**2 + f. Suppose 0 = u - 5*u + 40. Let p = u + -4. Calculate g(p).
2
Let a(q) be the first derivative of -2*q**3/3 - q**2/2 + 1. Let r(f) = -3*f**2 - 45*f - 2. Let t be r(-15). What is a(t)?
-6
Let h = 63 + -60. Let a(k) be the first derivative of 3 + 1/3*k**h + k - 5/2*k**2. Calculate a(4).
-3
Let y be ((-8)/20)/((-1)/5). Let k(w) = -2*w**2 - 8 + 7*w**2 - 3*w**2 - 3*w**y. What is k(0)?
-8
Let t(j) = -4*j**2 + j. Let m be t(-1). Let x = -7 - m. Let l(a) = -3*a. Let d(f) = f - 1. Let b(v) = 2*d(v) + l(v). Calculate b(x).
0
Let d(o) = o - 1. Let m(b) = -3*b + 6. Let i(r) = -2*d(r) - m(r). Give i(-3).
-7
Let o(f) = 10*f**2 + 5*f + 16. Let y(q) = 2*q**2 + q + 3. Suppose 15 = -3*j, -4*b - 3*j = -19 - 10. Let c(n) = b*y(n) - 2*o(n). Determine c(-1).
2
Let r(v) = -v - 8. Let u = 9 + -7. Suppose u*g = g - 6. Give r(g).
-2
Suppose -w + 2*w = 3. Let q(d) = -2 - d**w - 3*d**3 + d**3 + 4*d - 3*d**2 + 2*d**3. What is q(-4)?
-2
Let x(n) = -2*n**2 - n + 2. Let i(l) = -l**2 - 5*l + 8. Suppose z + 2 + 4 = 0. Let q be i(z). Determine x(q).
-8
Let a(b) = 20*b**2 - 1. Suppose 5*u - 4 = -h + 1, 0 = -u + 5*h + 1. What is a(u)?
19
Let q(v) be the third derivative of -v**5/60 - v**4/8 + 2*v**3/3 + v**2. Suppose -3*k + 12 = -5*u - 14, 6 = -2*k. Let w = u - -2. What is q(w)?
-6
Let v(f) = f**3 - 6*f**2 + 6. Let o be v(6). Let i(m) = -m**2 + 3*m + 13. Let j be i(o). Let t(a) = -a - 2. Determine t(j).
3
Let m(d) be the third derivative of d**5/60 + d**4/4 + 5*d**3/6 + d**2. Let i be m(-5). Let s(n) = -n + i - 2*n + 4. Determine s(4).
-8
Suppose 2*d + 0*t - 4*t + 18 = 0, 0 = -3*d + 3*t - 12. Let a = 2 - d. Let c(g) = g**2 + g + 5. Let k(l) = l. Let x(f) = a*c(f) - 6*k(f). Give x(5).
5
Let h(b) = b. Let z be (0 - (0 + 0))/(-1). Suppose 0 = -3*g + 15 - z. Let o = g + -6. Give h(o).
-1
Let u(y) = -6*y + 25. Let a be u(6). Let t(k) = k**2 + 12*k + 9. What is t(a)?
-2
Suppose -4*x + x = 18. Let z(j) = -20*j**3 + 15*j**2 + 8*j + 17. Let r(f) = -7*f**3 + 5*f**2 + 3*f + 6. Let d(w) = x*z(w) + 17*r(w). Give d(4).
-4
Let j(y) = y**2. Let q be -1 + ((-6)/(-3))/2. Let h be (q + -1 + 1)/(-1). Suppose 4*x + x + 5 = h. Give j(x).
1
Let k be 1/3 - 154/(-33). Let x(z) = z**3 - 6*z**2 + 3*z + 6. Give x(k).
-4
Let c(p) be the second derivative of -p**5/20 - 5*p**4/12 - p**3 - 3*p**2/2 + 15*p. Calculate c(-4).
5
Suppose -4*c + 3*c = 1. Let d be (-10)/(-60) - 23/(-6). Let x(q) = -2*q**2 - 7*q**3 + 2 - d + 3. Determine x(c).
6
Let u(w) = -w - 4. Let n(v) = 6*v + 20. Let m(a) = -2*n(a) - 11*u(a). What is m(0)?
4
Let n = 15 + -11. Let c(k) = -1 + 5 - 3 + n*k. Determine c(2).
9
Let s be (-1)/(-3) + (-120)/(-45). Let a(j) be the second derivative of j - 3*j**2 + 0 + 1/6*j**s. Calculate a(3).
-3
Let p(k) = -k**3 + 3*k**2 - 3*k + 4. Suppose 57 = -4*v + 281. Suppose 3*l = 5*y + 7, 4*l + 7*y - v = 2*y. Suppose -5*q + 2*q = -l. What is p(q)?
-5
Let c(v) be the first derivative of v**4/4 - v**3 - 3*v**2/2 - 3*v - 4. Let k be c(4). Let g(n) = 0*n - 1 + 0*n - n**2. What is g(k)?
-2
Let k = -13 + 16. Suppose -5*f - 18 = 4*p - k, 4*f = -12. Let i(c) = c**2 + 5. Give i(p).
5
Let h(o) = -o + 4. Let n(b) = b**2 - 2*b - 5. Let w be n(-2). What is h(w)?
1
Let c(g) be the third derivative of -g**9/8640 + g**7/2520 + g**6/720 - g**5/20 - g**2. Let v(d) be the third derivative of c(d). Calculate v(-1).
6
Let d = -86 - -85. Let m(x) = -2*x. What is m(d)?
2
Let j(v) = -v**3 + v**2 - v + 8. Let q(o) = -o**3 + 2*o**2 - 2*o + 8. Let s(a) = -6*j(a) + 7*q(a). Let k be s(7). Let r(p) = 3*p**3. What is r(k)?
3
Suppose -8*p + 9*p = 0. Suppose -g + 1 = g - n, p = 5*g - 2*n - 3. Let i(z) = -3*z**2 - 4 + 2*z + 3 + 5*z**2. Determine i(g).
3
Let s be (4/(-6))/((-2)/(-15)). Let d(l) be the second derivative of 3/2*l**2 - 1/20*l**5 + 0 - 5/12*l**4 + 1/3*l**3 + 2*l. What is d(s)?
-7
Let q = -3 + 7. Suppose -5*i = -q*s - s - 30, -i + 3*s + 14 = 0. Let n = -2 + i. Let o(u) = -u**3 - 6. Determine o(n).
-6
Let n(t) = t + 1. Let l(u) = u**2 - 4*u - 9. Let h(d) = l(d) + 6*n(d). Determine h(-3).
0
Let u(h) = -1 + 0*h - 3*h**3 + 5*h + 0*h**3 + 2 - 3*h**2. Let f(z) = 8*z**3 + 10*z**2 - 15*z - 2. Let t(p) = 4*f(p) + 11*u(p). What is t(6)?
9
Suppose -8 = -3*t - 2. Let h(f) = 3*f**t + 0*f**3 - f**3 - f + 2*f**3. Let j(i) = -2*i - 12. Let x be j(-5). Determine h(x).
6
Let w(v) = 7*v + 7. Let t(y) = -3*y - 3. Let g(f) = 9*t(f) + 4*w(f). Let k = -144 - -149. Calculate g(k).
6
Let u(h) = 3*h**2 + 7*h. Let o(k) = -7*k**2 - 14*k. Let z(p) = 2*o(p) + 5*u(p). Give z(-6).
-6
Let c(p) = 2*p - 5. Let v(y) = -3 + 1 + 3. Let m(b) = c(b) + 5*v(b). Suppose 4*d = -5*r + 18, 3*d = d + 3*r - 2. Determine m(d).
4
Suppose 3*z = 2*z - 7. Let n(o) = -o - 1. Give n(z).
6
Let a(c) = 3*c**3 + c**2 + 5*c + 1. Let w(u) = -2*u**3 - 5*u. Let y(g) = 3*a(g) + 4*w(g). Let l = -13 + 16. Suppose 0 - 5 = h, l*n = 5*h + 13. Calculate y(n).
7
Suppose 2*a = -5*k + 8 + 13, -3*k = -a - 17. Let u(z) = -2*z + 2. Calculate u(k).
-8
Let b be 1 - (16 - (1 + -1)). Let v be (-2)/(-5) - 54/b. Let g(l) = -l**3 + 6*l**2 - 5*l - 2. Calculate g(v).
10
Let q(l) = -2*l + 0*l - l**2 + 2 - 2. Calculate q(-4).
-8
Let w(m) be the third derivative of -m**5/30 - 5*m**4/24 + m**3/3 + 27*m**2. What is w(-4)?
-10
Let i be (-312)/18 - (-2)/6. Let o = -11 - i. Suppose -3*n = -5*n - o. Let s(j) = j**3 + 2*j**2 + 1. Calculate s(n).
-8
Let p(q) be the third derivative of -q**6/120 - q**5/12 - q**4/12 - q**3/2 - 14*q**2. What is p(-3)?
-15
Let t(g) = -5*g + 3. Suppose 3*o = b - 11, 8 = b - 3*b - 4*o. Calculate t(b).
-7
Let k be 5/(-30)*2*-24*1. Let l(r) = -r**2 + 3*r + 11. Give l(k).
-29
Let r(k) = -k + 5. Let n be r(3). Let x(z) = -3*z**3 + 2*z**2 + 2*z - 1. What is x(n)?
-13
Let o(p) = -p**2 - 2*p + 1. Let f = 18 - 23. Give o(f).
-14
Suppose 3*j + 0*j + 6 = 3*o, 2*o - 4*j + 6 = 0. Let m(z) = -2*z + z - 3 + o - 5. Suppose 2*w + w = 18. What is m(w)?
-7
Let x(l) = 16*l - 33*l - 2 + 16*l. Suppose -2*s = -2*q - 0*q + 18, 2*q + 3*s - 8 = 0. Determine x(q).
-9
Let n be ((-10)/(-6))/((-1)/3). Let q(y) = -y**3 - 7*y**2 + 9*y + 11. Let d be q(-8). Let p(w) = -w**2 - 5 - 6*w + d*w**2 - 4*w**2 + w**2. Determine p(n).
0
Let x(b) = b**3 + 4. Let f = 86 - 86. Give x(f).
4
Let b(a) = -8*a + 18. Let s(r) = -3*r + 6. Let k(o) = -4*b(o) + 11*s(o). Give k(-5).
-1
Let f(g) = -g**2 + g - 2. Let l(y) = y. Let c(b) = f(b) - 3*l(b). Give c(-2).
-2
Let x(m) = m**2 + m + 1. Let o(d) = -d**2 + d - 2. Suppose 2 = -3*v - 1. Let k(i) = v*o(i) - 2*x(i). Suppose 0 = 5*b - 8 + 33. Determine k(b).
-10
Let d(g) = g - 7. Let q be d(5). Let k be (1 + -2)/(q/2). Let o(i) be the first derivative of 5*i**4/4 - i**3/3 + i**2 - i - 20. Give o(k).
5
Suppose -o = 2*t - 14, 4*o - 5*t + 23 = 6*o. Suppose 3*b - o = 7*b. Let x(l) = 8*l + 7*l**2 + l**3 - 3 + 6 + 3. Determine x(b).
-6
Let q(k) be the first derivative of -k**4/8 + 2*k**2 - k - 4. Let y(a) be the first derivative of q(a). Let b(g) be the first derivative of y(g). What is b(2)?
-6
Let a(i) = 2*i. Let b be a(-6). Let c(h) = -2*h + 2. Let m be c(-3). Let p = m + b. Let u(j) = j + 3. Determine u(p).
-1
Let f(b) = -6*b**3 - 13*b**2 - 6*b. Let o(u) = -5*u**3 - 12*u**2 - 5*u + 1. Let w(y) = -6*f(y) + 7*o(